{"id":6980,"date":"2026-03-13T19:42:29","date_gmt":"2026-03-13T19:42:29","guid":{"rendered":"https:\/\/www.hepsiart.com\/?product=breast-firming-gel-gogus-bakim-jeli-5-ml-x-5li"},"modified":"2026-03-13T19:42:30","modified_gmt":"2026-03-13T19:42:30","slug":"breast-firming-gel-gogus-bakim-jeli-5-ml-x-5li","status":"publish","type":"product","link":"https:\/\/www.hepsiart.com\/?product=breast-firming-gel-gogus-bakim-jeli-5-ml-x-5li","title":{"rendered":"Breast Firming Gel G\u00f6\u011f\u00fcs Bak\u0131m Jeli 5 ML X 5Li"},"content":{"rendered":"<p>Breast Firming Gel G\u00f6\u011f\u00fcs Bak\u0131m Jeli 5 ML X 5Li &#8211; OEM458-8752 &#8211;  &#8211; Breast Firming Gel G\u00f6\u011f\u00fcs Bak\u0131m Jeli 5 ML X 5Li<\/p>\n","protected":false},"excerpt":{"rendered":"<p>Breast Firming Gel G\u00f6\u011f\u00fcs Bak\u0131m Jeli 5 ML X 5Li &#8211; OEM458-8752 &#8211; &#8211; Breast Firming Gel G\u00f6\u011f\u00fcs Bak\u0131m Jeli 5 ML X 5Li<\/p>\n","protected":false},"featured_media":6981,"comment_status":"closed","ping_status":"open","template":"","meta":[],"product_brand":[69],"product_cat":[307],"product_tag":[],"class_list":{"0":"post-6980","1":"product","2":"type-product","3":"status-publish","4":"has-post-thumbnail","6":"product_brand-oem","7":"product_cat-kadinlara-ozel-gogus-bakim","9":"first","10":"instock","11":"purchasable","12":"product-type-simple"},"acf":[],"_links":{"self":[{"href":"https:\/\/www.hepsiart.com\/index.php?rest_route=\/wp\/v2\/product\/6980","targetHints":{"allow":["GET"]}}],"collection":[{"href":"https:\/\/www.hepsiart.com\/index.php?rest_route=\/wp\/v2\/product"}],"about":[{"href":"https:\/\/www.hepsiart.com\/index.php?rest_route=\/wp\/v2\/types\/product"}],"replies":[{"embeddable":true,"href":"https:\/\/www.hepsiart.com\/index.php?rest_route=%2Fwp%2Fv2%2Fcomments&post=6980"}],"wp:featuredmedia":[{"embeddable":true,"href":"https:\/\/www.hepsiart.com\/index.php?rest_route=\/wp\/v2\/media\/6981"}],"wp:attachment":[{"href":"https:\/\/www.hepsiart.com\/index.php?rest_route=%2Fwp%2Fv2%2Fmedia&parent=6980"}],"wp:term":[{"taxonomy":"product_brand","embeddable":true,"href":"https:\/\/www.hepsiart.com\/index.php?rest_route=%2Fwp%2Fv2%2Fproduct_brand&post=6980"},{"taxonomy":"product_cat","embeddable":true,"href":"https:\/\/www.hepsiart.com\/index.php?rest_route=%2Fwp%2Fv2%2Fproduct_cat&post=6980"},{"taxonomy":"product_tag","embeddable":true,"href":"https:\/\/www.hepsiart.com\/index.php?rest_route=%2Fwp%2Fv2%2Fproduct_tag&post=6980"}],"curies":[{"name":"wp","href":"https:\/\/api.w.org\/{rel}","templated":true}]}}