{"id":6948,"date":"2026-03-13T19:42:21","date_gmt":"2026-03-13T19:42:21","guid":{"rendered":"https:\/\/www.hepsiart.com\/?product=kabak-cekirdegi-yagi-soguk-pres-50-ml-cam-sise"},"modified":"2026-03-13T19:42:21","modified_gmt":"2026-03-13T19:42:21","slug":"kabak-cekirdegi-yagi-soguk-pres-50-ml-cam-sise","status":"publish","type":"product","link":"https:\/\/www.hepsiart.com\/?product=kabak-cekirdegi-yagi-soguk-pres-50-ml-cam-sise","title":{"rendered":"Kabak \u00c7ekirde\u011fi Ya\u011f\u0131 So\u011fuk Pres 50 ML Cam \u015ei\u015fe"},"content":{"rendered":"<p>Kabak \u00c7ekirde\u011fi Ya\u011f\u0131 So\u011fuk Pres 50 ML Cam \u015ei\u015fe &#8211; OEM458-8742 &#8211;  &#8211; Kabak \u00c7ekirde\u011fi Ya\u011f\u0131 So\u011fuk Pres 50 ML Cam \u015ei\u015fe<\/p>\n","protected":false},"excerpt":{"rendered":"<p>Kabak \u00c7ekirde\u011fi Ya\u011f\u0131 So\u011fuk Pres 50 ML Cam \u015ei\u015fe &#8211; OEM458-8742 &#8211; &#8211; Kabak \u00c7ekirde\u011fi Ya\u011f\u0131 So\u011fuk Pres 50 ML Cam \u015ei\u015fe<\/p>\n","protected":false},"featured_media":6949,"comment_status":"closed","ping_status":"open","template":"","meta":[],"product_brand":[69],"product_cat":[400],"product_tag":[],"class_list":{"0":"post-6948","1":"product","2":"type-product","3":"status-publish","4":"has-post-thumbnail","6":"product_brand-oem","7":"product_cat-kabak-cekirdegi-yagi","9":"first","10":"instock","11":"purchasable","12":"product-type-simple"},"acf":[],"_links":{"self":[{"href":"https:\/\/www.hepsiart.com\/index.php?rest_route=\/wp\/v2\/product\/6948","targetHints":{"allow":["GET"]}}],"collection":[{"href":"https:\/\/www.hepsiart.com\/index.php?rest_route=\/wp\/v2\/product"}],"about":[{"href":"https:\/\/www.hepsiart.com\/index.php?rest_route=\/wp\/v2\/types\/product"}],"replies":[{"embeddable":true,"href":"https:\/\/www.hepsiart.com\/index.php?rest_route=%2Fwp%2Fv2%2Fcomments&post=6948"}],"wp:featuredmedia":[{"embeddable":true,"href":"https:\/\/www.hepsiart.com\/index.php?rest_route=\/wp\/v2\/media\/6949"}],"wp:attachment":[{"href":"https:\/\/www.hepsiart.com\/index.php?rest_route=%2Fwp%2Fv2%2Fmedia&parent=6948"}],"wp:term":[{"taxonomy":"product_brand","embeddable":true,"href":"https:\/\/www.hepsiart.com\/index.php?rest_route=%2Fwp%2Fv2%2Fproduct_brand&post=6948"},{"taxonomy":"product_cat","embeddable":true,"href":"https:\/\/www.hepsiart.com\/index.php?rest_route=%2Fwp%2Fv2%2Fproduct_cat&post=6948"},{"taxonomy":"product_tag","embeddable":true,"href":"https:\/\/www.hepsiart.com\/index.php?rest_route=%2Fwp%2Fv2%2Fproduct_tag&post=6948"}],"curies":[{"name":"wp","href":"https:\/\/api.w.org\/{rel}","templated":true}]}}