{"id":6872,"date":"2026-03-13T19:42:01","date_gmt":"2026-03-13T19:42:01","guid":{"rendered":"https:\/\/www.hepsiart.com\/?product=altin-cicegi-otu-dogal-olmez-cicek-1000-gr-paket"},"modified":"2026-03-13T19:42:02","modified_gmt":"2026-03-13T19:42:02","slug":"altin-cicegi-otu-dogal-olmez-cicek-1000-gr-paket","status":"publish","type":"product","link":"https:\/\/www.hepsiart.com\/?product=altin-cicegi-otu-dogal-olmez-cicek-1000-gr-paket","title":{"rendered":"Alt\u0131n \u00c7i\u00e7e\u011fi Otu Do\u011fal \u00d6lmez \u00c7i\u00e7ek 1000 Gr Paket"},"content":{"rendered":"<p>Do\u011fal Alt\u0131n \u00c7i\u00e7e\u011fi Otu 1000 Gr Paket &#8211; OEM458-8710 &#8211;  &#8211; Do\u011fal Alt\u0131n \u00c7i\u00e7e\u011fi Otu 1000 Gr Paket<\/p>\n","protected":false},"excerpt":{"rendered":"<p>Do\u011fal Alt\u0131n \u00c7i\u00e7e\u011fi Otu 1000 Gr Paket &#8211; OEM458-8710 &#8211; &#8211; Do\u011fal Alt\u0131n \u00c7i\u00e7e\u011fi Otu 1000 Gr Paket<\/p>\n","protected":false},"featured_media":6873,"comment_status":"closed","ping_status":"open","template":"","meta":[],"product_brand":[69],"product_cat":[314],"product_tag":[],"class_list":{"0":"post-6872","1":"product","2":"type-product","3":"status-publish","4":"has-post-thumbnail","6":"product_brand-oem","7":"product_cat-altin-otu","9":"first","10":"instock","11":"purchasable","12":"product-type-simple"},"acf":[],"_links":{"self":[{"href":"https:\/\/www.hepsiart.com\/index.php?rest_route=\/wp\/v2\/product\/6872","targetHints":{"allow":["GET"]}}],"collection":[{"href":"https:\/\/www.hepsiart.com\/index.php?rest_route=\/wp\/v2\/product"}],"about":[{"href":"https:\/\/www.hepsiart.com\/index.php?rest_route=\/wp\/v2\/types\/product"}],"replies":[{"embeddable":true,"href":"https:\/\/www.hepsiart.com\/index.php?rest_route=%2Fwp%2Fv2%2Fcomments&post=6872"}],"wp:featuredmedia":[{"embeddable":true,"href":"https:\/\/www.hepsiart.com\/index.php?rest_route=\/wp\/v2\/media\/6873"}],"wp:attachment":[{"href":"https:\/\/www.hepsiart.com\/index.php?rest_route=%2Fwp%2Fv2%2Fmedia&parent=6872"}],"wp:term":[{"taxonomy":"product_brand","embeddable":true,"href":"https:\/\/www.hepsiart.com\/index.php?rest_route=%2Fwp%2Fv2%2Fproduct_brand&post=6872"},{"taxonomy":"product_cat","embeddable":true,"href":"https:\/\/www.hepsiart.com\/index.php?rest_route=%2Fwp%2Fv2%2Fproduct_cat&post=6872"},{"taxonomy":"product_tag","embeddable":true,"href":"https:\/\/www.hepsiart.com\/index.php?rest_route=%2Fwp%2Fv2%2Fproduct_tag&post=6872"}],"curies":[{"name":"wp","href":"https:\/\/api.w.org\/{rel}","templated":true}]}}