{"id":3058,"date":"2026-03-13T19:20:39","date_gmt":"2026-03-13T19:20:39","guid":{"rendered":"https:\/\/www.hepsiart.com\/?product=aynisafa-cinko-bitkisel-krem-allantoin-ve-d-panthenol-50-ml"},"modified":"2026-03-13T19:20:40","modified_gmt":"2026-03-13T19:20:40","slug":"aynisafa-cinko-bitkisel-krem-allantoin-ve-d-panthenol-50-ml","status":"publish","type":"product","link":"https:\/\/www.hepsiart.com\/?product=aynisafa-cinko-bitkisel-krem-allantoin-ve-d-panthenol-50-ml","title":{"rendered":"Ayn\u0131safa + \u00c7inko Bitkisel Krem Allantoin ve D- Panthenol 50 ML"},"content":{"rendered":"<p>Ayn\u0131safa + \u00c7inko Bitkisel Krem Allantoin ve D- Panthenol 50 ML &#8211; OEM458-9822 &#8211;  &#8211; Ayn\u0131safa + \u00c7inko Bitkisel Krem Allantoin ve D- Panthenol 50 ML<\/p>\n","protected":false},"excerpt":{"rendered":"<p>Ayn\u0131safa + \u00c7inko Bitkisel Krem Allantoin ve D- Panthenol 50 ML &#8211; OEM458-9822 &#8211; &#8211; Ayn\u0131safa + \u00c7inko Bitkisel Krem Allantoin ve D- Panthenol 50 ML<\/p>\n","protected":false},"featured_media":3059,"comment_status":"closed","ping_status":"open","template":"","meta":[],"product_brand":[69],"product_cat":[187],"product_tag":[],"class_list":{"0":"post-3058","1":"product","2":"type-product","3":"status-publish","4":"has-post-thumbnail","6":"product_brand-oem","7":"product_cat-anne-cilt-bakimi-urunleri","9":"first","10":"instock","11":"purchasable","12":"product-type-simple"},"acf":[],"_links":{"self":[{"href":"https:\/\/www.hepsiart.com\/index.php?rest_route=\/wp\/v2\/product\/3058","targetHints":{"allow":["GET"]}}],"collection":[{"href":"https:\/\/www.hepsiart.com\/index.php?rest_route=\/wp\/v2\/product"}],"about":[{"href":"https:\/\/www.hepsiart.com\/index.php?rest_route=\/wp\/v2\/types\/product"}],"replies":[{"embeddable":true,"href":"https:\/\/www.hepsiart.com\/index.php?rest_route=%2Fwp%2Fv2%2Fcomments&post=3058"}],"wp:featuredmedia":[{"embeddable":true,"href":"https:\/\/www.hepsiart.com\/index.php?rest_route=\/wp\/v2\/media\/3059"}],"wp:attachment":[{"href":"https:\/\/www.hepsiart.com\/index.php?rest_route=%2Fwp%2Fv2%2Fmedia&parent=3058"}],"wp:term":[{"taxonomy":"product_brand","embeddable":true,"href":"https:\/\/www.hepsiart.com\/index.php?rest_route=%2Fwp%2Fv2%2Fproduct_brand&post=3058"},{"taxonomy":"product_cat","embeddable":true,"href":"https:\/\/www.hepsiart.com\/index.php?rest_route=%2Fwp%2Fv2%2Fproduct_cat&post=3058"},{"taxonomy":"product_tag","embeddable":true,"href":"https:\/\/www.hepsiart.com\/index.php?rest_route=%2Fwp%2Fv2%2Fproduct_tag&post=3058"}],"curies":[{"name":"wp","href":"https:\/\/api.w.org\/{rel}","templated":true}]}}