{"id":3050,"date":"2026-03-13T19:20:39","date_gmt":"2026-03-13T19:20:39","guid":{"rendered":"https:\/\/www.hepsiart.com\/?product=balli-kudret-nari-210-gr"},"modified":"2026-03-13T19:20:39","modified_gmt":"2026-03-13T19:20:39","slug":"balli-kudret-nari-210-gr","status":"publish","type":"product","link":"https:\/\/www.hepsiart.com\/?product=balli-kudret-nari-210-gr","title":{"rendered":"Ball\u0131 Kudret Nar\u0131 210 Gr"},"content":{"rendered":"<p>Ball\u0131 Kudret Nar\u0131 210 Gr &#8211; OEM458-8708 &#8211;  &#8211; Ball\u0131 Kudret Nar\u0131 210 Gr<\/p>\n","protected":false},"excerpt":{"rendered":"<p>Ball\u0131 Kudret Nar\u0131 210 Gr &#8211; OEM458-8708 &#8211; &#8211; Ball\u0131 Kudret Nar\u0131 210 Gr<\/p>\n","protected":false},"featured_media":3051,"comment_status":"closed","ping_status":"open","template":"","meta":[],"product_brand":[69],"product_cat":[169],"product_tag":[],"class_list":{"0":"post-3050","1":"product","2":"type-product","3":"status-publish","4":"has-post-thumbnail","6":"product_brand-oem","7":"product_cat-bitkisel-kuvvet-macunlari","9":"first","10":"instock","11":"purchasable","12":"product-type-simple"},"acf":[],"_links":{"self":[{"href":"https:\/\/www.hepsiart.com\/index.php?rest_route=\/wp\/v2\/product\/3050","targetHints":{"allow":["GET"]}}],"collection":[{"href":"https:\/\/www.hepsiart.com\/index.php?rest_route=\/wp\/v2\/product"}],"about":[{"href":"https:\/\/www.hepsiart.com\/index.php?rest_route=\/wp\/v2\/types\/product"}],"replies":[{"embeddable":true,"href":"https:\/\/www.hepsiart.com\/index.php?rest_route=%2Fwp%2Fv2%2Fcomments&post=3050"}],"wp:featuredmedia":[{"embeddable":true,"href":"https:\/\/www.hepsiart.com\/index.php?rest_route=\/wp\/v2\/media\/3051"}],"wp:attachment":[{"href":"https:\/\/www.hepsiart.com\/index.php?rest_route=%2Fwp%2Fv2%2Fmedia&parent=3050"}],"wp:term":[{"taxonomy":"product_brand","embeddable":true,"href":"https:\/\/www.hepsiart.com\/index.php?rest_route=%2Fwp%2Fv2%2Fproduct_brand&post=3050"},{"taxonomy":"product_cat","embeddable":true,"href":"https:\/\/www.hepsiart.com\/index.php?rest_route=%2Fwp%2Fv2%2Fproduct_cat&post=3050"},{"taxonomy":"product_tag","embeddable":true,"href":"https:\/\/www.hepsiart.com\/index.php?rest_route=%2Fwp%2Fv2%2Fproduct_tag&post=3050"}],"curies":[{"name":"wp","href":"https:\/\/api.w.org\/{rel}","templated":true}]}}