{"id":13601,"date":"2026-03-13T20:11:43","date_gmt":"2026-03-13T20:11:43","guid":{"rendered":"https:\/\/www.hepsiart.com\/?product=ginseng-ogutulmus-1000-gr-paket"},"modified":"2026-03-13T20:11:44","modified_gmt":"2026-03-13T20:11:44","slug":"ginseng-ogutulmus-1000-gr-paket","status":"publish","type":"product","link":"https:\/\/www.hepsiart.com\/?product=ginseng-ogutulmus-1000-gr-paket","title":{"rendered":"Ginseng \u00d6\u011f\u00fct\u00fclm\u00fc\u015f 1000 Gr Paket"},"content":{"rendered":"<p>Ginseng \u00d6\u011f\u00fct\u00fclm\u00fc\u015f 1000 Gr Paket &#8211; OEM458-10857 &#8211;  &#8211; Ginseng \u00d6\u011f\u00fct\u00fclm\u00fc\u015f 1000 Gr Paket<\/p>\n","protected":false},"excerpt":{"rendered":"<p>Ginseng \u00d6\u011f\u00fct\u00fclm\u00fc\u015f 1000 Gr Paket &#8211; OEM458-10857 &#8211; &#8211; Ginseng \u00d6\u011f\u00fct\u00fclm\u00fc\u015f 1000 Gr Paket<\/p>\n","protected":false},"featured_media":0,"comment_status":"closed","ping_status":"open","template":"","meta":[],"product_brand":[69],"product_cat":[371],"product_tag":[],"class_list":{"0":"post-13601","1":"product","2":"type-product","3":"status-publish","5":"product_brand-oem","6":"product_cat-erkeklere-ozel-gida","8":"first","9":"instock","10":"purchasable","11":"product-type-simple"},"acf":[],"_links":{"self":[{"href":"https:\/\/www.hepsiart.com\/index.php?rest_route=\/wp\/v2\/product\/13601","targetHints":{"allow":["GET"]}}],"collection":[{"href":"https:\/\/www.hepsiart.com\/index.php?rest_route=\/wp\/v2\/product"}],"about":[{"href":"https:\/\/www.hepsiart.com\/index.php?rest_route=\/wp\/v2\/types\/product"}],"replies":[{"embeddable":true,"href":"https:\/\/www.hepsiart.com\/index.php?rest_route=%2Fwp%2Fv2%2Fcomments&post=13601"}],"wp:attachment":[{"href":"https:\/\/www.hepsiart.com\/index.php?rest_route=%2Fwp%2Fv2%2Fmedia&parent=13601"}],"wp:term":[{"taxonomy":"product_brand","embeddable":true,"href":"https:\/\/www.hepsiart.com\/index.php?rest_route=%2Fwp%2Fv2%2Fproduct_brand&post=13601"},{"taxonomy":"product_cat","embeddable":true,"href":"https:\/\/www.hepsiart.com\/index.php?rest_route=%2Fwp%2Fv2%2Fproduct_cat&post=13601"},{"taxonomy":"product_tag","embeddable":true,"href":"https:\/\/www.hepsiart.com\/index.php?rest_route=%2Fwp%2Fv2%2Fproduct_tag&post=13601"}],"curies":[{"name":"wp","href":"https:\/\/api.w.org\/{rel}","templated":true}]}}